{"id":2312,"date":"2020-09-28T19:59:27","date_gmt":"2020-09-28T22:59:27","guid":{"rendered":"https:\/\/www.soqueriaterum.com.br\/supply\/?post_type=product&#038;p=2312"},"modified":"2023-08-29T09:18:23","modified_gmt":"2023-08-29T12:18:23","slug":"engineer-boot-marrom-fossil","status":"publish","type":"product","link":"https:\/\/www.soqueriaterum.com.br\/supply\/produto\/engineer-boot-marrom-fossil\/","title":{"rendered":"Bota Engineer Boot SQT Meia Pata (Escolha a Cor)"},"content":{"rendered":"<p><img decoding=\"async\" class=\"size-full wp-image-1481 aligncenter lazyload\" src=\"data:image\/gif;base64,R0lGODlhAQABAIAAAAAAAP\/\/\/yH5BAEAAAAALAAAAAABAAEAAAIBRAA7\" data-src=\"https:\/\/www.soqueriaterum.com.br\/supply\/wp-content\/uploads\/2019\/08\/JackLilly_crocker-1939-e1459708098398-768x510.jpg\" alt=\"\" width=\"768\" height=\"510\" data-srcset=\"https:\/\/www.soqueriaterum.com.br\/supply\/wp-content\/uploads\/2019\/08\/JackLilly_crocker-1939-e1459708098398-768x510.jpg 768w, https:\/\/www.soqueriaterum.com.br\/supply\/wp-content\/uploads\/2019\/08\/JackLilly_crocker-1939-e1459708098398-768x510-600x398.jpg 600w, https:\/\/www.soqueriaterum.com.br\/supply\/wp-content\/uploads\/2019\/08\/JackLilly_crocker-1939-e1459708098398-768x510-300x199.jpg 300w\" sizes=\"(max-width: 768px) 100vw, 768px\" \/><noscript><img decoding=\"async\" class=\"size-full wp-image-1481 aligncenter lazyload\" src=\"https:\/\/www.soqueriaterum.com.br\/supply\/wp-content\/uploads\/2019\/08\/JackLilly_crocker-1939-e1459708098398-768x510.jpg\" alt=\"\" width=\"768\" height=\"510\" srcset=\"https:\/\/www.soqueriaterum.com.br\/supply\/wp-content\/uploads\/2019\/08\/JackLilly_crocker-1939-e1459708098398-768x510.jpg 768w, https:\/\/www.soqueriaterum.com.br\/supply\/wp-content\/uploads\/2019\/08\/JackLilly_crocker-1939-e1459708098398-768x510-600x398.jpg 600w, https:\/\/www.soqueriaterum.com.br\/supply\/wp-content\/uploads\/2019\/08\/JackLilly_crocker-1939-e1459708098398-768x510-300x199.jpg 300w\" sizes=\"(max-width: 768px) 100vw, 768px\" \/><\/noscript><\/p>\n<p>A cole\u00e7\u00e3o de botas S\u00f3 Queria Ter Um \u00e9 diretamente inspirada por estilos cl\u00e1ssicos dos \u201cgood old days\u201d das roupas de trabalho norte-americanas. Essa era, em geral, atingiu seu \u00e1pice na d\u00e9cada de 1950 e teve seu fim no in\u00edcio dos anos 70.<\/p>\n<p>A Engineer Boots \u00e9 baseada em um estilo vintage que surgiu na d\u00e9cada de 1930, fabricado por lend\u00e1rios fabricantes de cal\u00e7ados dos EUA. Elas ficaram famosas ap\u00f3s serem cooptadas por motociclistas na d\u00e9cada de 1950. O ator Marlon Brando no cl\u00e1ssico filme &#8220;The Wild One&#8221;, \u00e9 a representa\u00e7\u00e3o ic\u00f4nica desse estilo da \u00e9poca.<\/p>\n<p>Essa \u00e9 a minha primeira iniciativa desenvolvendo um cal\u00e7ado em &#8220;carreira solo&#8221; . Convido-o para uma viagem ao tempo em que sapatos eram feitos apoiados entre as pernas, por um sapateiro com martelo na m\u00e3o e pregos de a\u00e7o pendurados nos l\u00e1bios.<\/p>\n<h2>Fabrica\u00e7\u00e3o da bota<\/h2>\n<p>Esta bota \u00e9 confeccionada de maneira artesanal \u00e0 moda antiga; com uma vira de couro pregada &#8211; \u00e0 m\u00e3o &#8211; ao cabedal e palmilha de montagem. Em seguida, utiliza-se uma ponteadeira para unir a sola de couro a essa vira utilizando uma costura dupla.<\/p>\n<p>Escondida entre essas duas partes, est\u00e1 uma alma de a\u00e7o &#8211; para suporte &#8211; e um preenchimento fino de borracha para fix\u00e1-la e amaciar &#8211; apenas o suficiente &#8211; o pisar. Esse m\u00e9todo segue os mesmos princ\u00edpios da famosa constru\u00e7\u00e3o Goodyear Welted, que utiliza a Goodyear Welting Machine.<\/p>\n<p>Por \u00faltimo, a sola de couro \u00e9 coberta por uma segunda sola de borracha (s\u00f3 at\u00e9 a metade da sola, o que chamamos de meia pata). Desta forma, voc\u00ea tem a facilidade de poder trocar essa capa ou o salto de borracha em qualquer sapateiro, sem a necessidade de descosturar a sola.<\/p>\n<p>O cabedal de couro full grain tem cano com 25cm de altura e tamb\u00e9m \u00e9 totalmente forrado de couro macio e confort\u00e1vel, para uso de muitas horas caminhando ou pilotando a sua moto kustom.<\/p>\n<p>Voc\u00ea tem a garantia de estar comprando uma bota com condi\u00e7\u00f5es de suportar os rigores do dia-a-dia, que tamb\u00e9m \u00e9 t\u00e3o bonita quanto funcional.<\/p>\n<p>Ela foi feita com orgulho &#8211; do in\u00edcio ao fim &#8211; por um \u00fanico sapateiro utilizando materiais de alta qualidade para os padr\u00f5es nacionais.<\/p>\n<h2>\u00daltimos detalhes<\/h2>\n<p><img decoding=\"async\" class=\"size-full wp-image-1482 aligncenter lazyload\" src=\"data:image\/gif;base64,R0lGODlhAQABAIAAAAAAAP\/\/\/yH5BAEAAAAALAAAAAABAAEAAAIBRAA7\" data-src=\"https:\/\/www.soqueriaterum.com.br\/supply\/wp-content\/uploads\/2019\/08\/marlon-brando-o-selvagem-2-e1459708178721-768x1006.jpg\" alt=\"\" width=\"768\" height=\"1006\" data-srcset=\"https:\/\/www.soqueriaterum.com.br\/supply\/wp-content\/uploads\/2019\/08\/marlon-brando-o-selvagem-2-e1459708178721-768x1006.jpg 768w, https:\/\/www.soqueriaterum.com.br\/supply\/wp-content\/uploads\/2019\/08\/marlon-brando-o-selvagem-2-e1459708178721-768x1006-600x786.jpg 600w, https:\/\/www.soqueriaterum.com.br\/supply\/wp-content\/uploads\/2019\/08\/marlon-brando-o-selvagem-2-e1459708178721-768x1006-229x300.jpg 229w\" sizes=\"(max-width: 768px) 100vw, 768px\" \/><noscript><img decoding=\"async\" class=\"size-full wp-image-1482 aligncenter lazyload\" src=\"https:\/\/www.soqueriaterum.com.br\/supply\/wp-content\/uploads\/2019\/08\/marlon-brando-o-selvagem-2-e1459708178721-768x1006.jpg\" alt=\"\" width=\"768\" height=\"1006\" srcset=\"https:\/\/www.soqueriaterum.com.br\/supply\/wp-content\/uploads\/2019\/08\/marlon-brando-o-selvagem-2-e1459708178721-768x1006.jpg 768w, https:\/\/www.soqueriaterum.com.br\/supply\/wp-content\/uploads\/2019\/08\/marlon-brando-o-selvagem-2-e1459708178721-768x1006-600x786.jpg 600w, https:\/\/www.soqueriaterum.com.br\/supply\/wp-content\/uploads\/2019\/08\/marlon-brando-o-selvagem-2-e1459708178721-768x1006-229x300.jpg 229w\" sizes=\"(max-width: 768px) 100vw, 768px\" \/><\/noscript><\/p>\n<p>Espero que voc\u00ea se surpreenda com o que foi realizado no Brasil. Afinal, nosso mercado \u00e9 complicado para qualquer fabricante dedicado a qualidade.<\/p>\n<p>A maioria das marcas e f\u00e1bricas nacionais j\u00e1 abandonou h\u00e1 tempos qualquer compromisso com fazer um produto bem feito. O que voc\u00ea encontra, na grande maioria das vezes, \u00e9 muita criatividade para baratear o produto e mais ainda para escolher adjetivos chamativos para a legenda no Instagram.<\/p>\n<p>Espero melhorar com o tempo, mas por hora, tor\u00e7o para que voc\u00ea aproveite esta bota feita com muito carinho e esmero. Agrade\u00e7o do fundo do meu cora\u00e7\u00e3o!<\/p>\n","protected":false},"excerpt":{"rendered":"<p><strong>BOTA FEITA SOB ENCOMENDA. ESTE N\u00c3O \u00c9 UM PRODUTO FEITO EM MASSA. O PRAZO PARA FABRICA\u00c7\u00c3O: 30 DIAS<\/strong><\/p>\n<ul>\n<li><strong>Constru\u00e7\u00e3o ponteada<\/strong>:\n<ul>\n<li>A vira de couro \u00e9 pregada \u00e0 m\u00e3o ao cabedal e palmilha de montagem<\/li>\n<li>A sola de couro \u00e9 costurada na vira (costura dupla)<\/li>\n<\/ul>\n<\/li>\n<li><strong>Op\u00e7\u00f5es de couro (cano com 25 cm):<\/strong>\n<ul>\n<li>Couro 20 linhas full grain preto<\/li>\n<li>Couro 18 linhas pull-up pinh\u00e3o<\/li>\n<li>Couro 18 linhas fossil envelhecido<\/li>\n<\/ul>\n<\/li>\n<li>Forrada em couro;<\/li>\n<li>Palmilha de montagem de couro;<\/li>\n<li>Meia palmilha acolchoada no calcanhar;<\/li>\n<li>Sola de couro com meia pata de borracha<\/li>\n<li>Salto de couro com taco de borracha<\/li>\n<li>Alma de a\u00e7o para suporte;<\/li>\n<\/ul>\n<p><strong>Aten\u00e7\u00e3o:<\/strong><\/p>\n<p>O couro \u00e9 um material natural e pode apresentar arranh\u00f5es, marcas e varia\u00e7\u00f5es de tons que n\u00e3o s\u00e3o considerados defeitos do material, mas sim caracter\u00edsticas naturais da pele do animal, isto \u00e9 o que os diferenciam dos materiais sint\u00e9ticos. Cada pe\u00e7a \u00e9 \u00fanica! E voc\u00ea ajudar\u00e1 a contar sua hist\u00f3ria.<\/p>\n","protected":false},"featured_media":7111,"comment_status":"open","ping_status":"closed","template":"","meta":{"neve_meta_sidebar":"","neve_meta_container":"","neve_meta_enable_content_width":"off","neve_meta_content_width":100,"neve_meta_title_alignment":"","neve_meta_author_avatar":"","neve_post_elements_order":"","neve_meta_disable_header":"","neve_meta_disable_footer":"","neve_meta_disable_title":"","neve_meta_reading_time":""},"pwb-brand":[97],"product_cat":[208,41],"product_tag":[],"class_list":["post-2312","product","type-product","status-publish","has-post-thumbnail","hentry","pwb-brand-soqueria-ter-um","product_cat-engineer-boots","product_cat-botas","product_shipping_class-engineer-boots"],"yoast_head":"<!-- This site is optimized with the Yoast SEO plugin v20.7 - https:\/\/yoast.com\/wordpress\/plugins\/seo\/ -->\n<title>Engineer Boot Marrom F\u00f3ssil S\u00f3 Queria Ter Um: Compre Online<\/title>\n<meta name=\"description\" content=\"A Engineer Boots \u00e9 baseada em um estilo vintage que surgiu na d\u00e9cada de 1930. Elas ficaram famosas ap\u00f3s serem cooptadas por motociclistas na d\u00e9cada de 1950.\" \/>\n<meta name=\"robots\" content=\"index, follow, max-snippet:-1, max-image-preview:large, max-video-preview:-1\" \/>\n<link rel=\"canonical\" href=\"https:\/\/www.soqueriaterum.com.br\/supply\/produto\/engineer-boot-marrom-fossil\/\" \/>\n<meta property=\"og:locale\" content=\"pt_BR\" \/>\n<meta property=\"og:type\" content=\"article\" \/>\n<meta property=\"og:title\" content=\"Lan\u00e7amento! Engineer Boot S\u00f3 Queria Ter Um Preta\" \/>\n<meta property=\"og:description\" content=\"Esta bota \u00e9 feita \u00e0 moda antiga; com uma vira de couro pregada - \u00e0 m\u00e3o - ao cabedal e palmilha de montagem. Em seguida, utiliza-se uma ponteadeira para unir a sola de couro a essa vira utilizando uma costura dupla.\" \/>\n<meta property=\"og:url\" content=\"https:\/\/www.soqueriaterum.com.br\/supply\/produto\/engineer-boot-marrom-fossil\/\" \/>\n<meta property=\"og:site_name\" content=\"S\u00f3 Queria Ter Um - Uma Loja Para Quem Gosta de Botas\" \/>\n<meta property=\"article:publisher\" content=\"https:\/\/www.facebook.com\/SoQueriaTerUm\" \/>\n<meta property=\"article:modified_time\" content=\"2023-08-29T12:18:23+00:00\" \/>\n<meta property=\"og:image\" content=\"https:\/\/www.soqueriaterum.com.br\/supply\/wp-content\/uploads\/2019\/08\/Untitled-1.jpg\" \/>\n\t<meta property=\"og:image:width\" content=\"1299\" \/>\n\t<meta property=\"og:image:height\" content=\"630\" \/>\n\t<meta property=\"og:image:type\" content=\"image\/jpeg\" \/>\n<meta name=\"twitter:card\" content=\"summary_large_image\" \/>\n<meta name=\"twitter:label1\" content=\"Est. tempo de leitura\" \/>\n\t<meta name=\"twitter:data1\" content=\"3 minutos\" \/>\n<script type=\"application\/ld+json\" class=\"yoast-schema-graph\">{\"@context\":\"https:\/\/schema.org\",\"@graph\":[{\"@type\":\"WebPage\",\"@id\":\"https:\/\/www.soqueriaterum.com.br\/supply\/produto\/engineer-boot-marrom-fossil\/\",\"url\":\"https:\/\/www.soqueriaterum.com.br\/supply\/produto\/engineer-boot-marrom-fossil\/\",\"name\":\"Engineer Boot Marrom F\u00f3ssil S\u00f3 Queria Ter Um: Compre Online\",\"isPartOf\":{\"@id\":\"https:\/\/www.soqueriaterum.com.br\/supply\/#website\"},\"datePublished\":\"2020-09-28T22:59:27+00:00\",\"dateModified\":\"2023-08-29T12:18:23+00:00\",\"description\":\"A Engineer Boots \u00e9 baseada em um estilo vintage que surgiu na d\u00e9cada de 1930. Elas ficaram famosas ap\u00f3s serem cooptadas por motociclistas na d\u00e9cada de 1950.\",\"breadcrumb\":{\"@id\":\"https:\/\/www.soqueriaterum.com.br\/supply\/produto\/engineer-boot-marrom-fossil\/#breadcrumb\"},\"inLanguage\":\"pt-BR\",\"potentialAction\":[{\"@type\":\"ReadAction\",\"target\":[\"https:\/\/www.soqueriaterum.com.br\/supply\/produto\/engineer-boot-marrom-fossil\/\"]}]},{\"@type\":\"BreadcrumbList\",\"@id\":\"https:\/\/www.soqueriaterum.com.br\/supply\/produto\/engineer-boot-marrom-fossil\/#breadcrumb\",\"itemListElement\":[{\"@type\":\"ListItem\",\"position\":1,\"name\":\"In\u00edcio\",\"item\":\"https:\/\/www.soqueriaterum.com.br\/supply\/\"},{\"@type\":\"ListItem\",\"position\":2,\"name\":\"Loja\",\"item\":\"https:\/\/www.soqueriaterum.com.br\/supply\/loja\/\"},{\"@type\":\"ListItem\",\"position\":3,\"name\":\"Bota Engineer Boot SQT Meia Pata (Escolha a Cor)\"}]},{\"@type\":\"WebSite\",\"@id\":\"https:\/\/www.soqueriaterum.com.br\/supply\/#website\",\"url\":\"https:\/\/www.soqueriaterum.com.br\/supply\/\",\"name\":\"S\u00f3 Queria Ter Um - Uma Loja Para Quem Gosta de Botas\",\"description\":\"\",\"publisher\":{\"@id\":\"https:\/\/www.soqueriaterum.com.br\/supply\/#organization\"},\"potentialAction\":[{\"@type\":\"SearchAction\",\"target\":{\"@type\":\"EntryPoint\",\"urlTemplate\":\"https:\/\/www.soqueriaterum.com.br\/supply\/?s={search_term_string}\"},\"query-input\":\"required name=search_term_string\"}],\"inLanguage\":\"pt-BR\"},{\"@type\":\"Organization\",\"@id\":\"https:\/\/www.soqueriaterum.com.br\/supply\/#organization\",\"name\":\"S\u00f3 Queria Ter Um\",\"url\":\"https:\/\/www.soqueriaterum.com.br\/supply\/\",\"logo\":{\"@type\":\"ImageObject\",\"inLanguage\":\"pt-BR\",\"@id\":\"https:\/\/www.soqueriaterum.com.br\/supply\/#\/schema\/logo\/image\/\",\"url\":\"https:\/\/www.soqueriaterum.com.br\/supply\/wp-content\/uploads\/2017\/11\/logo_so_queria-09.png\",\"contentUrl\":\"https:\/\/www.soqueriaterum.com.br\/supply\/wp-content\/uploads\/2017\/11\/logo_so_queria-09.png\",\"width\":1600,\"height\":800,\"caption\":\"S\u00f3 Queria Ter Um\"},\"image\":{\"@id\":\"https:\/\/www.soqueriaterum.com.br\/supply\/#\/schema\/logo\/image\/\"},\"sameAs\":[\"https:\/\/www.facebook.com\/SoQueriaTerUm\",\"https:\/\/www.instagram.com\/soqueriaterum\/\",\"https:\/\/www.youtube.com\/channel\/UCZYvC5XwMWcTUGCyvXLLb2A\"]}]}<\/script>\n<!-- \/ Yoast SEO plugin. -->","yoast_head_json":{"title":"Engineer Boot Marrom F\u00f3ssil S\u00f3 Queria Ter Um: Compre Online","description":"A Engineer Boots \u00e9 baseada em um estilo vintage que surgiu na d\u00e9cada de 1930. Elas ficaram famosas ap\u00f3s serem cooptadas por motociclistas na d\u00e9cada de 1950.","robots":{"index":"index","follow":"follow","max-snippet":"max-snippet:-1","max-image-preview":"max-image-preview:large","max-video-preview":"max-video-preview:-1"},"canonical":"https:\/\/www.soqueriaterum.com.br\/supply\/produto\/engineer-boot-marrom-fossil\/","og_locale":"pt_BR","og_type":"article","og_title":"Lan\u00e7amento! Engineer Boot S\u00f3 Queria Ter Um Preta","og_description":"Esta bota \u00e9 feita \u00e0 moda antiga; com uma vira de couro pregada - \u00e0 m\u00e3o - ao cabedal e palmilha de montagem. Em seguida, utiliza-se uma ponteadeira para unir a sola de couro a essa vira utilizando uma costura dupla.","og_url":"https:\/\/www.soqueriaterum.com.br\/supply\/produto\/engineer-boot-marrom-fossil\/","og_site_name":"S\u00f3 Queria Ter Um - Uma Loja Para Quem Gosta de Botas","article_publisher":"https:\/\/www.facebook.com\/SoQueriaTerUm","article_modified_time":"2023-08-29T12:18:23+00:00","og_image":[{"width":1299,"height":630,"url":"https:\/\/www.soqueriaterum.com.br\/supply\/wp-content\/uploads\/2019\/08\/Untitled-1.jpg","type":"image\/jpeg"}],"twitter_card":"summary_large_image","twitter_misc":{"Est. tempo de leitura":"3 minutos"},"schema":{"@context":"https:\/\/schema.org","@graph":[{"@type":"WebPage","@id":"https:\/\/www.soqueriaterum.com.br\/supply\/produto\/engineer-boot-marrom-fossil\/","url":"https:\/\/www.soqueriaterum.com.br\/supply\/produto\/engineer-boot-marrom-fossil\/","name":"Engineer Boot Marrom F\u00f3ssil S\u00f3 Queria Ter Um: Compre Online","isPartOf":{"@id":"https:\/\/www.soqueriaterum.com.br\/supply\/#website"},"datePublished":"2020-09-28T22:59:27+00:00","dateModified":"2023-08-29T12:18:23+00:00","description":"A Engineer Boots \u00e9 baseada em um estilo vintage que surgiu na d\u00e9cada de 1930. Elas ficaram famosas ap\u00f3s serem cooptadas por motociclistas na d\u00e9cada de 1950.","breadcrumb":{"@id":"https:\/\/www.soqueriaterum.com.br\/supply\/produto\/engineer-boot-marrom-fossil\/#breadcrumb"},"inLanguage":"pt-BR","potentialAction":[{"@type":"ReadAction","target":["https:\/\/www.soqueriaterum.com.br\/supply\/produto\/engineer-boot-marrom-fossil\/"]}]},{"@type":"BreadcrumbList","@id":"https:\/\/www.soqueriaterum.com.br\/supply\/produto\/engineer-boot-marrom-fossil\/#breadcrumb","itemListElement":[{"@type":"ListItem","position":1,"name":"In\u00edcio","item":"https:\/\/www.soqueriaterum.com.br\/supply\/"},{"@type":"ListItem","position":2,"name":"Loja","item":"https:\/\/www.soqueriaterum.com.br\/supply\/loja\/"},{"@type":"ListItem","position":3,"name":"Bota Engineer Boot SQT Meia Pata (Escolha a Cor)"}]},{"@type":"WebSite","@id":"https:\/\/www.soqueriaterum.com.br\/supply\/#website","url":"https:\/\/www.soqueriaterum.com.br\/supply\/","name":"S\u00f3 Queria Ter Um - Uma Loja Para Quem Gosta de Botas","description":"","publisher":{"@id":"https:\/\/www.soqueriaterum.com.br\/supply\/#organization"},"potentialAction":[{"@type":"SearchAction","target":{"@type":"EntryPoint","urlTemplate":"https:\/\/www.soqueriaterum.com.br\/supply\/?s={search_term_string}"},"query-input":"required name=search_term_string"}],"inLanguage":"pt-BR"},{"@type":"Organization","@id":"https:\/\/www.soqueriaterum.com.br\/supply\/#organization","name":"S\u00f3 Queria Ter Um","url":"https:\/\/www.soqueriaterum.com.br\/supply\/","logo":{"@type":"ImageObject","inLanguage":"pt-BR","@id":"https:\/\/www.soqueriaterum.com.br\/supply\/#\/schema\/logo\/image\/","url":"https:\/\/www.soqueriaterum.com.br\/supply\/wp-content\/uploads\/2017\/11\/logo_so_queria-09.png","contentUrl":"https:\/\/www.soqueriaterum.com.br\/supply\/wp-content\/uploads\/2017\/11\/logo_so_queria-09.png","width":1600,"height":800,"caption":"S\u00f3 Queria Ter Um"},"image":{"@id":"https:\/\/www.soqueriaterum.com.br\/supply\/#\/schema\/logo\/image\/"},"sameAs":["https:\/\/www.facebook.com\/SoQueriaTerUm","https:\/\/www.instagram.com\/soqueriaterum\/","https:\/\/www.youtube.com\/channel\/UCZYvC5XwMWcTUGCyvXLLb2A"]}]}},"brands":[{"id":97,"name":"S\u00f3 Queria Ter Um","slug":"soqueria-ter-um"}],"_links":{"self":[{"href":"https:\/\/www.soqueriaterum.com.br\/supply\/wp-json\/wp\/v2\/product\/2312"}],"collection":[{"href":"https:\/\/www.soqueriaterum.com.br\/supply\/wp-json\/wp\/v2\/product"}],"about":[{"href":"https:\/\/www.soqueriaterum.com.br\/supply\/wp-json\/wp\/v2\/types\/product"}],"replies":[{"embeddable":true,"href":"https:\/\/www.soqueriaterum.com.br\/supply\/wp-json\/wp\/v2\/comments?post=2312"}],"wp:featuredmedia":[{"embeddable":true,"href":"https:\/\/www.soqueriaterum.com.br\/supply\/wp-json\/wp\/v2\/media\/7111"}],"wp:attachment":[{"href":"https:\/\/www.soqueriaterum.com.br\/supply\/wp-json\/wp\/v2\/media?parent=2312"}],"wp:term":[{"taxonomy":"pwb-brand","embeddable":true,"href":"https:\/\/www.soqueriaterum.com.br\/supply\/wp-json\/wp\/v2\/pwb-brand?post=2312"},{"taxonomy":"product_cat","embeddable":true,"href":"https:\/\/www.soqueriaterum.com.br\/supply\/wp-json\/wp\/v2\/product_cat?post=2312"},{"taxonomy":"product_tag","embeddable":true,"href":"https:\/\/www.soqueriaterum.com.br\/supply\/wp-json\/wp\/v2\/product_tag?post=2312"}],"curies":[{"name":"wp","href":"https:\/\/api.w.org\/{rel}","templated":true}]}}